 u(c)?
5
Let o(b) = 46*b**3 - 45*b**3 - 10 + 3*b + 7*b**2 + 3. Give o(-5).
28
Let p(g) be the third derivative of g**6/120 - g**5/15 + g**4/6 - 2*g**2. Give p(3).
3
Let f be (((-14)/(-7))/(-8))/((-2)/24). Let o(m) = m**3 - 4*m**2 + 2*m + 4. Calculate o(f).
1
Let j = -5 + 7. Let p(t) = 2 + 4*t**2 + j*t**3 - 3*t**3 - 2*t - 2*t - t. What is p(3)?
-4
Suppose 3*u - u - 38 = -3*z, -2*u = -8. Let q(v) = -1 + z - v + 3*v - v. Determine q(-5).
4
Let t(n) = 6*n + 0 - 1 - 2 + n**2. Give t(-6).
-3
Let z(p) = -p**3 + 2*p**2 + p. Let r be 0/2 - 5/(10/(-4)). Determine z(r).
2
Suppose d - 2 - 3 = 0. Let g(j) = 4*j**3 - 5*j**3 - 4 - 3*j + 6*j**2 + 1. Calculate g(d).
7
Let l be 28/(-84)*(-18)/(2/(-1)). Let g(w) = 3*w - 5. Let h(d) = 8*d - 14. Let f(o) = -11*g(o) + 4*h(o). Determine f(l).
2
Suppose -3*k + 7 = 3*n - 2*k, 0 = 4*k - 4. Let j be 1*-1 + -2 + 3. Let p(l) = j + n*l + 3 - l. Give p(-3).
0
Let s(n) = 34*n + 6 - 2 - 79*n + 43*n. What is s(4)?
-4
Suppose -3*f = 2*f + 20. Let o = 1 + 1. Let c(r) = -r**3 - 5*r**o + r**2 - 4 + 4 + 3. Determine c(f).
3
Let s(x) = 2*x + 4. Suppose 0 = 4*m - 12 - 36. Let g = m + -7. Suppose -3*z = -5*h - 24, -z - 4*z = -g*h - 30. Calculate s(h).
-2
Let n(h) = -h - 2. Let l(a) = -4*a. Let u be l(1). What is n(u)?
2
Let l(w) be the first derivative of 0*w**3 - 2*w - 1/4*w**4 + 0*w**2 - 3. Suppose h - 6 = 4*h. Give l(h).
6
Let g(q) be the third derivative of -q**5/60 + 7*q**4/24 - q**3 + 3*q**2. Let h be g(5). Let j(u) = 2*u - 4. Determine j(h).
4
Let r(a) = -a**2 - 5*a - 5. Suppose 0*y - 20 = 4*g - y, -3*g = 5*y + 15. What is r(g)?
-5
Let w(g) = 9*g - 1. Let q(l) = -l + 0*l + 6 + 1 - 1. Let o be q(7). Give w(o).
-10
Let y(d) = d**3 - 2*d. Let l be y(-2). Let k(j) be the first derivative of -j**3/3 - 3*j**2/2 + 5*j - 2. Give k(l).
1
Let d(b) = -3. Let j(r) = -r + 2. Let g(p) = -3*d(p) - 2*j(p). Let n be (15/6)/((-2)/4). Determine g(n).
-5
Let p = -4 + 7. Let q(g) = 5*g**2 - 6*g - 3. Let i(z) = -14*z**2 + 17*z + 9. Let l(v) = -4*i(v) - 11*q(v). Calculate l(p).
0
Let h(k) = k + 2. Let v(u) = -2*u - 8. Let l be v(-7). Calculate h(l).
8
Let b = 33 - 29. Let w(l) be the third derivative of 1/24*l**b + 0 + 1/3*l**3 + 0*l + 3*l**2. Give w(3).
5
Let j be 10 - -7 - (0 - -1). Suppose 2*v = -2*o + j, -2*o - 2*v - 4 = -5*o. Let c(a) = -a**2 + 2*a + 4. Determine c(o).
-4
Let o be 34/8 - 5/20. Let a(x) = -2 - 3*x - o + 3*x + x. Determine a(3).
-3
Let o(q) = -q**3 - 2*q**2 + 1. Let p be ((-25)/10)/(1/(-2)). Suppose 2 = 3*j + p. Determine o(j).
0
Let d = 9 - 6. Let g(y) = 2 + 0*y**2 + 7*y - 2*y**2 - y + y**3 - 8*y. Determine g(d).
5
Let z(d) be the second derivative of 1/6*d**3 + 1/2*d**2 + 0 + 7*d. Let f(p) = 3*p + 2. Let h be f(-2). Determine z(h).
-3
Let s(q) = -6*q**2 - 5*q - 4. Let m(c) = -12*c**2 - 11*c - 9. Let a(v) = -3*m(v) + 7*s(v). Give a(-1).
-5
Let y(r) = 3*r - 2*r - 100*r**2 + 97*r**2 - r**3 - 1. Let x(o) = -o - 3. Let w be x(-4). Suppose 0 = 2*m - 4*d - 6, d - w = 4*m + 8. Calculate y(m).
-4
Let g(x) = -x**2 - x + 9. Suppose 4*l = -2*m - 418, 0*m - 3*m = -3. Let p be 14/l - (-2)/15. Give g(p).
9
Suppose -7*z + 10 = -2*z. Let d be (5 - -1)/1 - z. Let i(c) = 2*c - d*c + c + 5*c**2. Calculate i(-1).
6
Let t(m) = m + 2*m - 1 - 1 - 2*m. Calculate t(5).
3
Suppose b + 4 - 3 = 0. Let p(q) be the first derivative of -2*q**4 - q**3/3 + q**2/2 + q + 2. What is p(b)?
7
Let x = 1057/24 + -44. Let p(l) be the third derivative of 0 + 0*l**3 + 4*l**2 + 0*l - x*l**4. Give p(-3).
3
Suppose -2*b + 10 = 3*b. Let o(k) = -k**3 + 3*k - 2. What is o(b)?
-4
Let d(k) = -5*k - 5. Let x(o) = 6*o + 5. Let f(w) = -5*d(w) - 4*x(w). Let q = 0 - 0. Let t = 5 + q. Determine f(t).
10
Let z = 13 + -7. Let c(u) be the first derivative of u**4/4 - 7*u**3/3 + 5*u**2/2 - 8*u + 25. Determine c(z).
-14
Let q(y) = -y**2 - 5*y - 2. Suppose -3 = -5*v + 6*v. Determine q(v).
4
Suppose -4*m - 3*j + 4*j + 12 = 0, -3*m + 9 = 5*j. Let a be (-1*3)/(m/(-2)). Let g(b) = a*b**2 + 2*b**2 - 3*b - 5 + b**3 - 3*b. Determine g(-5).
0
Let a(w) = -w**2 + 8*w - 5. Suppose 3*p - 15 = 3*i + 36, 2*p = -i + 19. Let b = p - 7. Calculate a(b).
10
Let y = -3 - -5. Let d(i) = -y*i - 1 + 5*i + 3*i. Determine d(-1).
-7
Let m(y) be the third derivative of y**6/720 - y**5/60 - y**4/8 + y**2. Let s(f) be the second derivative of m(f). Give s(0).
-2
Let u(a) = a**2 + 1. Let y = -4 + 3. Let h(w) = 0*w - 8*w + w - 2*w**2 - 10 - 2*w**2. Let t(p) = y*h(p) - 3*u(p). Calculate t(-5).
-3
Let g(x) = -x**3 - 7*x**2 - 6*x + 3. Let m be 4/(24/9)*-10. Let n = 9 + m. Give g(n).
3
Let w(l) = 20 + l - 29 + 15. Let f = -16 - -11. Determine w(f).
1
Suppose -8 = -p + 3*t, -t + 14 = 4*p - 4*t. Suppose 2*x = 6*x. Suppose -o - 11 = -x*c - p*c, 5*c - 32 = 4*o. Let q(j) = j**3 + 4*j**2 + 5*j + 3. Give q(o).
-3
Let w(l) = l - 3. Let s(u) = u**3 + 5*u**2 - 6*u + 2. Let o be s(-6). Suppose 0 = -2*i + 5*i - 12, -5 = v - o*i. Calculate w(v).
0
Let x(o) be the third derivative of o**6/120 - o**5/60 - o**4/6 - o**3/2 - 12*o**2. Determine x(-2).
-7
Let b(l) = -4*l - 5. Suppose 11 = -5*i - 3*v, 0 = 3*i + i - 2*v + 22. Let y(p) = 2*p + 4. Let o be y(i). Determine b(o).
11
Let i(y) = -9*y - 12. Let h(u) = -14*u - 18. Suppose -12 = -b - 4. Let m(z) = b*i(z) - 5*h(z). Suppose -11 = -n + 5*f, 3*n + f + 10 = -5. Give m(n).
2
Let u(g) = -8*g - 1. Let c(r) = -33*r - 4. Let f(w) = 2*c(w) - 9*u(w). What is f(-1)?
-5
Let k be 5 + (-3 - -3) - -1. Let v(b) = -5 + 0*b - b**2 - 3 + 7*b. What is v(k)?
-2
Suppose -2 = 3*k - 2*k, 4*p - 5*k - 18 = 0. Let d(t) = -3*t + 2. Let j(o) = o + o - o - 1. Let u(m) = d(m) + 2*j(m). Give u(p).
-2
Let h(d) = d**2 - 1. Let o(l) = -l**2 + 1. Let k = 5 + -6. Let w(z) = 4*z**2 + 3*z - 4. Let t(s) = k*w(s) + 3*o(s). Let u(g) = -6*h(g) - t(g). Give u(2).
9
Let q(w) be the second derivative of -w**5/20 + 7*w**4/12 - w**3 + 2*w**2 + 34*w + 1. Determine q(6).
4
Let a(n) be the second derivative of -n**4/12 - n**3/3 - 3*n**2/2 - 6*n. Suppose 0 = 5*u - 1 + 11. Calculate a(u).
-3
Let p(q) = -3*q + 6. Let h(v) = 3*v - 5. Let w(j) = 6*h(j) + 5*p(j). Calculate w(1).
3
Let v(c) = -2*c - 2. Suppose -o - 3*z - 12 = z, 5*o = -4*z - 44. Give v(o).
14
Let x(t) = -t - 8. Suppose 3 = -2*l - 7. Let d(z) be the third derivative of z**5/60 + z**4/4 - 9*z**2. Let c be d(l). What is x(c)?
-3
Let s(h) be the first derivative of h**2/2 - 11. Let i = 1 - 1. Determine s(i).
0
Let t(n) = -n**2 - 2*n + 1. Let q be t(0). Let j(f) = -11*f - 1. What is j(q)?
-12
Let f(w) be the second derivative of -w**4/12 + 7*w**3/6 - 7*w**2/2 - 4*w. Give f(6).
-1
Let k(b) = b**3 + 1. Let l(i) = -3*i**3 + 4. Let x(q) = 4*k(q) + l(q). Determine x(0).
8
Let o(k) = k + 8. Let q(g) = -g**2 + 6*g + 10. Let r be q(8). Calculate o(r).
2
Let g(y) = y**3 + 6*y**2 + y - 7. Let d be (-272)/40 - 4/(-5). Give g(d).
-13
Suppose -3 = 5*y - 18. Suppose 0 = -y*j - 2*j. Let m(h) = -h - 12. Give m(j).
-12
Let a(q) = -q**3 - 4*q**2 + 3*q. Let b(k) = -5*k + k + 13 + 4*k + 2*k. Let l be b(-9). What is a(l)?
10
Let a(y) = -1 - 1 - 1 - y**2 - 1 - 6*y. Give a(-5).
1
Let k(f) = -11*f**2 + 1. Let o(y) = -y**3 - 4*y**2 + 5*y - 1. Let q be o(-5). What is k(q)?
-10
Let w(s) be the third derivative of s**4/6 - 2*s**3/3 + 21*s**2. What is w(3)?
8
Let g(s) = -2 - 3 + 312*s - 311*s - 3. What is g(0)?
-8
Let o(z) = z. Let i be o(3). Let q(y) = -2*y + 4. Determine q(i).
-2
Let t(b) be the second derivative of -b**4/12 + 5*b**3/6 + 2*b**2 - 11*b. What is t(6)?
-2
Suppose 3*h - 9 = y, 2*y - 7*y + 25 = -h. Let x(p) = p**3 - 10*p**2 - p + 8. Let b(k) = 2*k**3 - 21*k**2 - 2*k + 16. Let u(t) = -4*b(t) + 9*x(t). What is u(y)?
2
Let h = -166 - -154. Let v(t) = t**2 + 13*t + 18. Determine v(h).
6
Let n(x) = -x**3 - 6*x**2 + 4*x - 6. Suppose 0 = -4*o - 30 + 2. Determine n(o).
15
Let i(f) be the first derivative of 7*f**2/2 + f - 1. Calculate i(-1).
-6
Let i(n) = 2*n**2 - 2*n. Let m be ((-12)/(-15))/(2/15). Let b be 2/m + 14/(-6). Give i(b).
12
Let j(g) = g**3 - g**2 - 5*g + 2. Suppose 2*z = 7 - 31. Let v be ((-2)/(-4))/((-2)/z). Calculate j(v).
5
Let x(j) = -j**2 + j + 2. Let u be (24/(-16))/((-2)/(-4)). Calculate x(u).
-10
Let w be 10/(-3)*(-6)/5. Suppose -w*y + 75 = -y. Suppose -5*i + y = -0*i. Let m(a) = a**2 - 6*a + 7. Determine m(i).
2
Let a = 13 + 0. Suppose v + 2*v + 11 = -2*b, v = 4*b - a. Let y be -2*2